{"id":3,"date":"2022-08-24T16:31:33","date_gmt":"2022-08-24T14:31:33","guid":{"rendered":"http:\/\/overeden.fr\/?page_id=3"},"modified":"2024-02-22T16:26:47","modified_gmt":"2024-02-22T15:26:47","slug":"charte-de-vie-privee-overeden","status":"publish","type":"page","link":"https:\/\/overeden.fr\/index.php\/charte-de-vie-privee-overeden\/","title":{"rendered":"Charte Vie Priv\u00e9e"},"content":{"rendered":"<p><strong>\u00a0<\/strong><\/p>\n<h2>1.\u00a0\u00a0\u00a0\u00a0 Informations l\u00e9gales<\/h2>\n<p>La pr\u00e9sente Charte Vie Priv\u00e9e fait partie int\u00e9grante des <a href=\"https:\/\/overeden.fr\/index.php\/cgu-cgv\/\">CGU<\/a> si bien que les d\u00e9finitions utilis\u00e9es dans ces derni\u00e8res sont r\u00e9utilis\u00e9es dans la pr\u00e9sente Charte Vie Priv\u00e9e.<\/p>\n<p>La pr\u00e9sente Charte Vie Priv\u00e9e a pour objet d\u2019informer les Internautes sur la fa\u00e7on dont leurs Donn\u00e9es Personnelles sont collect\u00e9es depuis le Site, comment celles-ci sont trait\u00e9es par Overeden et enfin les droits dont b\u00e9n\u00e9ficient les Internautes quant \u00e0 ces traitements tels qu\u2019ils sont d\u00e9finis ci-apr\u00e8s.<\/p>\n<p><strong>\u00a0<\/strong><\/p>\n<h2>2.\u00a0\u00a0\u00a0\u00a0 D\u00e9finitions<\/h2>\n<p>En compl\u00e9ment des termes employ\u00e9s avec une majuscule tels que d\u00e9finis dans les CGU les termes suivants qu\u2019ils soient employ\u00e9s au singulier ou au pluriel dans la pr\u00e9sente Charte Vie Priv\u00e9e, auront la d\u00e9finition suivante :<\/p>\n<ul>\n<li><strong>Archivage Interm\u00e9diaire : <\/strong>d\u00e9signe le d\u00e9placement des Donn\u00e9es Personnelles qui pr\u00e9sentent encore pour Overeden un int\u00e9r\u00eat administratif (comme par exemple en cas de contentieux et\/ou en cas d\u2019obligation l\u00e9gale) dans une base de donn\u00e9es distincte, s\u00e9par\u00e9e logiquement ou physiquement et dont, en tout \u00e9tat de cause, l\u2019acc\u00e8s est restreint. Cette archive est une \u00e9tape interm\u00e9diaire avant la suppression des Donn\u00e9es Personnelles concern\u00e9es ou leur anonymisation ;<\/li>\n<\/ul>\n<ul>\n<li><strong>Donn\u00e9e(s) (Personnelle(s)) : <\/strong>d\u00e9signe(nt) les donn\u00e9es personnelles renseign\u00e9es par un Internaute dans le cadre des Services et\/ou collect\u00e9es par Overeden au sens du R\u00e8glement (UE) 2016\/679 relatif \u00e0 la protection des personnes physiques \u00e0 l&rsquo;\u00e9gard du traitement des donn\u00e9es \u00e0 caract\u00e8re personne et \u00e0 la libre circulation de ces donn\u00e9es\u00a0 (r\u00e8glement g\u00e9n\u00e9ral sur la protection des donn\u00e9es ou RGPD) et trait\u00e9es par Overeden dans le cadre de la consultation du Site, et ce dans les conditions et modalit\u00e9s telles que d\u00e9finies dans la Charte Vie Priv\u00e9e\u00a0;<\/li>\n<\/ul>\n<ul>\n<li><strong>Droits Sp\u00e9cifiques : <\/strong>d\u00e9signent les droits accord\u00e9s par la R\u00e8glementation sur les Donn\u00e9es Personnelles aux Internautes concernant le traitement de leurs Donn\u00e9es Personnelles (droits d\u2019acc\u00e8s, de limitation, de rectification, d\u2019effacement, d\u2019opposition, de directive post-mortem, etc.) ;<\/li>\n<\/ul>\n<ul>\n<li><strong>R\u00e8glementation sur les Donn\u00e9es Personnelles <\/strong><strong>: <\/strong>d\u00e9signe la Loi n\u00b078-17 du 6 janvier 1978 relative \u00e0 l&rsquo;informatique, aux fichiers et aux libert\u00e9s, en application du R\u00e8glement communautaire du 27 avril 2016 publi\u00e9e au Journal Officiel de l\u2019Union europ\u00e9enne le 4 mai 2016 relatif \u00e0 la protection des personnes physiques \u00e0 l&rsquo;\u00e9gard du traitement des donn\u00e9es \u00e0 caract\u00e8re personnel et \u00e0 la libre circulation de ces donn\u00e9es (dit \u00ab RGPD \u00bb pour R\u00e8glement G\u00e9n\u00e9ral pour la Protection des Donn\u00e9es) ;<\/li>\n<\/ul>\n<ul>\n<li><strong>Terminal(aux) :\u00a0 \u00a0\u00a0\u00a0\u00a0\u00a0\u00a0\u00a0\u00a0\u00a0 <\/strong>d\u00e9signe(nt) l&rsquo;\u00e9quipement mat\u00e9riel (ordinateur, tablette, smartphone, t\u00e9l\u00e9phone, etc.) utilis\u00e9 par l\u2019Internaute pour consulter ou voir s&rsquo;afficher le Site et\/ou tout autre support num\u00e9rique \u00e9dit\u00e9 par un tiers ;<\/li>\n<\/ul>\n<p><strong>\u00a0<\/strong><\/p>\n<h2>3.\u00a0\u00a0\u00a0\u00a0 Les finalit\u00e9s des traitements r\u00e9alis\u00e9s par Overeden et leur base l\u00e9gale associ\u00e9e<\/h2>\n<p><strong>\u00a0<\/strong><\/p>\n<p>Les Donn\u00e9es Personnelles de l\u2019Internaute sont n\u00e9cessaires pour lui permettre l\u2019acc\u00e8s \u00e0 certains Services leur utilisation, et leur am\u00e9lioration, et pour permettre \u00e0 Overeden de\/d :<\/p>\n<table>\n<tbody>\n<tr>\n<td colspan=\"2\" width=\"215\"><strong>\u00a0<\/strong><\/td>\n<td width=\"195\"><strong>Base l\u00e9gale<\/strong><\/td>\n<td width=\"194\"><strong>Dur\u00e9es de conservation<\/strong><\/td>\n<\/tr>\n<tr>\n<td colspan=\"2\" width=\"215\"><strong>Gestion des demandes de contact \/ de devis<\/strong><\/td>\n<td width=\"195\">Int\u00e9r\u00eat l\u00e9gitime<\/td>\n<td width=\"194\">Jusqu&rsquo;au retrait du consentement ou trois (3) ans \u00e0 compter du dernier contact des personnes avec Overeden<\/td>\n<\/tr>\n<tr>\n<td width=\"101\"><strong>Actions de prospection commerciale, <\/strong><\/td>\n<td width=\"114\">\u00c0 destination de professionnels (par voie \u00e9lectronique, postale ou t\u00e9l\u00e9phone)<\/td>\n<td width=\"195\">Int\u00e9r\u00eat l\u00e9gitime<\/td>\n<td width=\"194\">Jusqu&rsquo;au retrait du consentement ou trois (3) ans \u00e0 compter du dernier contact des personnes avec Overeden<\/td>\n<\/tr>\n<tr>\n<td width=\"100\"><\/td>\n<td width=\"100\"><\/td>\n<td width=\"60\"><\/td>\n<td width=\"98\"><\/td>\n<\/tr>\n<\/tbody>\n<\/table>\n<p>Les op\u00e9rations expos\u00e9es ci-apr\u00e8s ne servent pas \u00e0 conduire \u00e0 l&rsquo;\u00e9tablissement de profils susceptibles de faire appara\u00eetre des Donn\u00e9es Personnelles dites sensibles telles que les origines raciales ou ethniques, opinions philosophiques, politiques, syndicales, religieuses, vie sexuelle ou sant\u00e9 et ne servent pas non plus, en particulier le test de personnalit\u00e9, \u00e0 produire des d\u00e9cisions automatis\u00e9es de la part de Overeden.<\/p>\n<h2><\/h2>\n<h2>4.\u00a0\u00a0\u00a0\u00a0 La collecte des Donn\u00e9es Personnelles sur le Site<\/h2>\n<p>Overeden collecte, lors de la cr\u00e9ation d\u2019un Compte, puis lorsque celui-ci est compl\u00e9t\u00e9 au fur et \u00e0 mesure, les cat\u00e9gories de Donn\u00e9es Personnelles suivantes que l\u2019Internaute renseigne ou qui sont collect\u00e9es lors de la navigation de l\u2019Internaute sur le Site et li\u00e9es \u00e0 son utilisation du Site et des Services\u00a0et notamment\u00a0:<\/p>\n<ul>\n<li><strong>Identit\u00e9<\/strong>: Nom, pr\u00e9nom\u00a0; email\u00a0; num\u00e9ro de t\u00e9l\u00e9phone, sujet du message\u00a0; message<\/li>\n<\/ul>\n<p>Le Site est h\u00e9berg\u00e9 aupr\u00e8s de la soci\u00e9t\u00e9 <strong>OVH<\/strong> dont les coordonn\u00e9es sont disponibles <a href=\"https:\/\/overeden.fr\/index.php\/mentions-legales\/\">en cliquant ici<\/a> .<\/p>\n<p>Toutes les pr\u00e9cautions ont \u00e9t\u00e9 prises pour stocker les Donn\u00e9es Personnelles des Internautes dans un environnement s\u00e9curis\u00e9 et emp\u00eacher qu\u2019elles soient d\u00e9form\u00e9es, endommag\u00e9es ou que des tiers non autoris\u00e9s y aient acc\u00e8s.<\/p>\n<h2><\/h2>\n<h2>5.\u00a0\u00a0\u00a0\u00a0 Destinataires ou cat\u00e9gories de destinataire des Donn\u00e9es Personnelles des Internautes<\/h2>\n<p>Les Donn\u00e9es Personnelles des Internautes sont trait\u00e9es par le personnel habilit\u00e9 de Overeden et pour les finalit\u00e9s rappel\u00e9es ci-avant.<\/p>\n<p>Les Donn\u00e9es Personnelles des Internautes peuvent \u00eatre communiqu\u00e9es\u00a0\u00e0 des prestataires tels que\u00a0:<\/p>\n<ul>\n<li>les prestataires d\u2019h\u00e9bergement et de maintenance du Site\u00a0;<\/li>\n<\/ul>\n<ul>\n<li>les prestataires de solutions marketing et de gestion de prospection commerciale et de communication via les r\u00e9seaux sociaux\u2009;<\/li>\n<\/ul>\n<ul>\n<li>les prestataires de service client\u2009;<\/li>\n<\/ul>\n<ul>\n<li><\/li>\n<\/ul>\n<p>Le cas \u00e9ch\u00e9ant, tout transfert des Donn\u00e9es Personnelles des Internautes en dehors de l\u2019Espace \u00c9conomique Europ\u00e9en sera effectu\u00e9 par Overeden moyennant des garanties appropri\u00e9es, notamment contractuelles via des clauses contractuelles types, techniques et organisationnelles, en conformit\u00e9 avec la R\u00e8glementation sur les Donn\u00e9es Personnelles.<\/p>\n<h2><\/h2>\n<h2>6.\u00a0\u00a0\u00a0\u00a0 Les droits des Internautes<\/h2>\n<p>Conform\u00e9ment \u00e0 la R\u00e8glementation sur les Donn\u00e9es Personnelles, l\u2019Internaute peut, \u00e0 tout moment, b\u00e9n\u00e9ficier des Droits Sp\u00e9cifiques suivants de\/d\u2019\/\u00e0\u00a0:<\/p>\n<ul>\n<li>acc\u00e8s,<\/li>\n<li>rectification,<\/li>\n<li>l\u2019effacement,<\/li>\n<li>limitation d\u2019un traitement,<\/li>\n<li>portabilit\u00e9,<\/li>\n<li>opposition,<\/li>\n<li>directives post-mortem,<\/li>\n<li>retrait du consentement.<\/li>\n<\/ul>\n<h3><\/h3>\n<h3>o\u00a0\u00a0 Droits d\u2019acc\u00e8s<\/h3>\n<p>L\u2019Internaute a la possibilit\u00e9 d\u2019obtenir de Overeden la confirmation que les Donn\u00e9es Personnelles le concernant sont ou ne sont pas trait\u00e9es et, lorsqu\u2019elles le sont, l\u2019acc\u00e8s auxdites Donn\u00e9es Personnelles ainsi que les informations suivantes\u00a0:<\/p>\n<ol>\n<li>les finalit\u00e9s du traitement\u00a0;<\/li>\n<\/ol>\n<ol>\n<li>les cat\u00e9gories de Donn\u00e9es Personnelles\u00a0;<\/li>\n<\/ol>\n<ol>\n<li>les destinataires ou cat\u00e9gories de destinataires auxquels les Donn\u00e9es Personnelles ont \u00e9t\u00e9 ou seront communiqu\u00e9es\u00a0;<\/li>\n<\/ol>\n<ol>\n<li>lorsque cela est possible, la dur\u00e9e de conservation des Donn\u00e9es Personnelles envisag\u00e9e ou, lorsque ce n\u2019est pas possible, les crit\u00e8res utilis\u00e9s pour d\u00e9terminer cette dur\u00e9e\u00a0;<\/li>\n<\/ol>\n<ol>\n<li>l\u2019existence du droit de demander \u00e0 Overeden la rectification ou l\u2019effacement de Donn\u00e9es Personnelles, ou une limitation du traitement de ses Donn\u00e9es Personnelles, ou du droit de s\u2019opposer \u00e0 ce traitement\u00a0;<\/li>\n<\/ol>\n<ol>\n<li>le droit d\u2019introduire une r\u00e9clamation aupr\u00e8s de la CNIL\u00a0;<\/li>\n<\/ol>\n<ol>\n<li>lorsque les Donn\u00e9es Personnelles ne sont pas collect\u00e9es aupr\u00e8s de l\u2019Internaute, toute information disponible quant \u00e0 leur source\u00a0;<\/li>\n<\/ol>\n<ol>\n<li>l\u2019existence d\u2019une prise de d\u00e9cision automatis\u00e9e, y compris un profilage, et, au moins en pareil cas, des informations utiles concernant la logique sous-jacente, ainsi que l\u2019importance et les cons\u00e9quences pr\u00e9vues de ce traitement pour l\u2019Internaute\u00a0;<\/li>\n<\/ol>\n<p>Lorsque les Donn\u00e9es Personnelles sont transf\u00e9r\u00e9es vers un pays tiers ou \u00e0 une organisation internationale, l\u2019Internaute a le droit d\u2019\u00eatre inform\u00e9 des garanties appropri\u00e9es, en ce qui concerne ce transfert.<\/p>\n<p>Overeden fournit une copie des Donn\u00e9es Personnelles faisant l\u2019objet d\u2019un traitement.<\/p>\n<p>Overeden peut exiger le paiement de frais raisonnables bas\u00e9s sur les co\u00fbts administratifs pour toute copie suppl\u00e9mentaire demand\u00e9e par l\u2019Internaute.<\/p>\n<p>Lorsque l\u2019Internaute pr\u00e9sente sa demande par voie \u00e9lectronique, les informations sont fournies sous une forme \u00e9lectronique d\u2019usage courant, \u00e0 moins qu\u2019il ne demande qu\u2019il en soit autrement.<\/p>\n<p>Le droit de l\u2019Internaute d\u2019obtenir une copie de ses Donn\u00e9es Personnelles ne doit pas porter atteinte aux droits et libert\u00e9s d\u2019autrui.<\/p>\n<h3><\/h3>\n<h3>o\u00a0\u00a0 Droits de rectification<\/h3>\n<p>L\u2019Internaute a la possibilit\u00e9 d\u2019obtenir de Overeden, dans les meilleurs d\u00e9lais, la rectification des Donn\u00e9es Personnelles le concernant qui sont inexactes. Il a aussi la possibilit\u00e9 d\u2019obtenir que les Donn\u00e9es Personnelles incompl\u00e8tes soient compl\u00e9t\u00e9es, y compris en fournissant une d\u00e9claration compl\u00e9mentaire.<\/p>\n<h3><\/h3>\n<h3>o\u00a0\u00a0 Droits \u00e0 l\u2019effacement<\/h3>\n<p>L\u2019Internaute a la possibilit\u00e9 d\u2019obtenir de Overeden l\u2019effacement, dans les meilleurs d\u00e9lais, de Donn\u00e9es Personnelles le concernant lorsque l\u2019un des motifs suivants s\u2019applique\u00a0:<\/p>\n<ol>\n<li>les Donn\u00e9es Personnelles ne sont plus n\u00e9cessaires au regard des finalit\u00e9s pour lesquelles elles ont \u00e9t\u00e9 collect\u00e9es ou trait\u00e9es d\u2019une autre mani\u00e8re par Overeden;<\/li>\n<\/ol>\n<ol>\n<li>l\u2019Internaute a retir\u00e9 son consentement pour le traitement de ces Donn\u00e9es Personnelles et il n\u2019existe pas d\u2019autre fondement juridique au traitement\u00a0;<\/li>\n<\/ol>\n<ol>\n<li>l\u2019Internaute exerce son droit d\u2019opposition dans les conditions rappel\u00e9es ci-apr\u00e8s et il n\u2019existe pas de motif l\u00e9gitime imp\u00e9rieux pour le traitement\u00a0;<\/li>\n<\/ol>\n<ol>\n<li>les Donn\u00e9es Personnelles ont fait l\u2019objet d\u2019un traitement illicite\u00a0;<\/li>\n<\/ol>\n<ol>\n<li>les Donn\u00e9es Personnelles doivent \u00eatre effac\u00e9es pour respecter une obligation l\u00e9gale\u00a0;<\/li>\n<\/ol>\n<ol>\n<li>les Donn\u00e9es Personnelles ont \u00e9t\u00e9 collect\u00e9es aupr\u00e8s d\u2019un enfant.<\/li>\n<\/ol>\n<h3><\/h3>\n<h3>o\u00a0\u00a0 Droits \u00e0 la limitation<\/h3>\n<p>L\u2019Internaute a la possibilit\u00e9 d\u2019obtenir de Overeden la limitation du traitement de ses Donn\u00e9es Personnelles lorsque l\u2019un des motifs suivants s\u2019applique\u00a0:<\/p>\n<ol>\n<li>Overeden v\u00e9rifie l\u2019exactitude des Donn\u00e9es Personnelles suite \u00e0 la contestation par l\u2019Internaute de l\u2019exactitude des Donn\u00e9es Personnelles,<\/li>\n<\/ol>\n<ol>\n<li>le traitement est illicite et l\u2019Internaute s\u2019oppose \u00e0 l\u2019effacement des Donn\u00e9es Personnelles et exige \u00e0 la place la limitation de leur utilisation\u00a0;<\/li>\n<\/ol>\n<ol>\n<li>Overeden n\u2019a plus besoin des Donn\u00e9es Personnelles aux fins du traitement, mais celles-ci sont encore n\u00e9cessaires \u00e0 l\u2019Internaute pour la constatation, l\u2019exercice ou la d\u00e9fense de droits en justice\u00a0;<\/li>\n<\/ol>\n<ol>\n<li>l\u2019Internaute s\u2019est oppos\u00e9 au traitement dans les conditions rappel\u00e9es ci-apr\u00e8s et Overeden v\u00e9rifie de savoir si les motifs l\u00e9gitimes poursuivis pr\u00e9valent sur les motifs all\u00e9gu\u00e9s.<\/li>\n<\/ol>\n<h3><\/h3>\n<h3>o\u00a0\u00a0 Droit \u00e0 la portabilit\u00e9 des Donn\u00e9es<\/h3>\n<p>L\u2019Internaute a la possibilit\u00e9 de recevoir de Overeden les Donn\u00e9es Personnelles le concernant, dans un format structur\u00e9, couramment utilis\u00e9 et lisible par machine lorsque\u00a0:<\/p>\n<ol>\n<li>le traitement des Donn\u00e9es Personnelles est fond\u00e9 sur le consentement, ou sur un contrat et<\/li>\n<\/ol>\n<ol>\n<li>le traitement est effectu\u00e9 \u00e0 l\u2019aide de proc\u00e9d\u00e9s automatis\u00e9s.<\/li>\n<\/ol>\n<p>Lorsque l\u2019Internaute exerce son droit \u00e0 la portabilit\u00e9 il a le droit d\u2019obtenir que les Donn\u00e9es Personnelles soient transmises directement par Overeden \u00e0 un autre responsable de traitement qu\u2019il d\u00e9signera lorsque cela est techniquement possible.<\/p>\n<p>Le droit \u00e0 la portabilit\u00e9 des Donn\u00e9es Personnelles de l\u2019Internaute ne doit pas porter atteinte aux droits et libert\u00e9s d\u2019autrui.<\/p>\n<h3><\/h3>\n<h3>o\u00a0\u00a0 Droit d\u2019opposition<\/h3>\n<p>L\u2019Internaute peut s\u2019opposer \u00e0 tout moment, pour des raisons tenant \u00e0 sa situation particuli\u00e8re, \u00e0 un traitement des Donn\u00e9es Personnelles le concernant fond\u00e9 sur l\u2019int\u00e9r\u00eat l\u00e9gitime de Overeden. Ce dernier ne traitera alors plus les Donn\u00e9es Personnelles, \u00e0 moins qu\u2019il ne d\u00e9montre qu\u2019il existe des motifs imp\u00e9rieux et l\u00e9gitimes pour le traitement qui pr\u00e9valent sur les int\u00e9r\u00eats et les droits et libert\u00e9s de l\u2019Internaute, ou pourra les conserver pour la constatation, l\u2019exercice ou la d\u00e9fense de droits en justice.<\/p>\n<h3><\/h3>\n<h3>o\u00a0\u00a0 Directives post-mortem<\/h3>\n<p>L\u2019Internaute a la possibilit\u00e9 de communiquer \u00e0 Overeden des directives relatives \u00e0 la conservation, \u00e0 l\u2019effacement et \u00e0 la communisation de ses Donn\u00e9es Personnelles apr\u00e8s son d\u00e9c\u00e8s, lesquelles directives peuvent \u00eatre enregistr\u00e9es \u00e9galement aupr\u00e8s \u00ab\u00a0<em>d\u2019un tiers de confiance num\u00e9rique certifi\u00e9<\/em>\u00a0\u00bb. Ces directives, ou sorte de \u00ab\u00a0<em>testament num\u00e9rique<\/em>\u00a0\u00bb, peuvent d\u00e9signer une personne charg\u00e9e de leur ex\u00e9cution\u00a0; \u00e0 d\u00e9faut, les h\u00e9ritiers de l\u2019Internaute seront d\u00e9sign\u00e9s.<\/p>\n<p>En l\u2019absence de toute directive, les h\u00e9ritiers de l\u2019Internaute peuvent s\u2019adresser \u00e0 Overeden afin de\/d\u2019\u00a0:<\/p>\n<ul>\n<li>acc\u00e9der aux traitements de Donn\u00e9es Personnelles permettant \u00ab\u00a0<em>l\u2019organisation et le r\u00e8glement de la succession du d\u00e9funt<\/em>\u00bb\u00a0;<\/li>\n<\/ul>\n<ul>\n<li>recevoir communication des \u00ab\u00a0<em>biens num\u00e9riques\u00a0\u00bb<\/em> ou des \u00ab\u00a0<em>donn\u00e9es s\u2019apparentant \u00e0 des souvenirs de famille, transmissibles aux h\u00e9ritiers\u00a0\u00bb\u00a0<\/em>;<\/li>\n<\/ul>\n<ul>\n<li>faire proc\u00e9der \u00e0 la cl\u00f4ture du compte de l\u2019Internaute sur le Site et s\u2019opposer \u00e0 la poursuite du traitement de ses Donn\u00e9es Personnelles.<\/li>\n<\/ul>\n<p>En tout \u00e9tat de cause, l\u2019Internaute a la possibilit\u00e9 d\u2019indiquer \u00e0 Overeden, \u00e0 tout moment, qu\u2019il ne souhaite pas, en cas de d\u00e9c\u00e8s, que ses Donn\u00e9es Personnelles soient communiqu\u00e9es \u00e0 un tiers.<\/p>\n<h3><\/h3>\n<h3>o\u00a0\u00a0 Retrait du consentement<\/h3>\n<p>L\u2019Internaute a la possibilit\u00e9 de retirer \u00e0 tout moment son consentement, soit depuis une fonction d\u00e9di\u00e9e sur les emails \u00e0 finalit\u00e9 de prospection commerciale qu\u2019il re\u00e7oit, en s\u2019adressant \u00e0 Overeden dans les conditions de l\u2019article 7 ci-apr\u00e8s.<\/p>\n<h2><\/h2>\n<h2>7.\u00a0\u00a0\u00a0\u00a0 Exercice des Droits Sp\u00e9cifiques des Internautes<\/h2>\n<p><strong>\u00a0<\/strong><\/p>\n<p>Ces Droits Sp\u00e9cifiques peuvent \u00eatre exerc\u00e9s, \u00e0 tout moment, aupr\u00e8s de Overeden :<\/p>\n<ul>\n<li>Par courrier \u00e9lectronique \u00e0 l\u2019adresse suivante\u00a0: contct@smarteden.fr<\/li>\n<\/ul>\n<ul>\n<li>Par courrier postal \u00e0 l\u2019adresse indiqu\u00e9e dans <a href=\"https:\/\/overeden.fr\/index.php\/mentions-legales\/\">les mentions l\u00e9gales<\/a>.<\/li>\n<\/ul>\n<p>Aux fins de faire valoir ses droits suivant les conditions vis\u00e9es ci-dessus et dans l\u2019hypoth\u00e8se o\u00f9 Overeden aurait des doutes sur l\u2019auteur de la demande, Overeden pourra demander \u00e0 celui-ci de justifier de son identit\u00e9 en mentionnant ses nom, pr\u00e9nom, adresse de courrier \u00e9lectronique et d\u2019accompagner sa demande d\u2019une copie d\u2019une pi\u00e8ce d\u2019identit\u00e9 en cours de validit\u00e9.<\/p>\n<p>Une r\u00e9ponse sera adress\u00e9e \u00e0 l\u2019Internaute dans un d\u00e9lai d\u2019un (1) mois maximum suivant la date de r\u00e9ception de la demande.<\/p>\n<p>Au besoin ce d\u00e9lai pourra \u00eatre prolong\u00e9 de deux (2) mois par Overeden qui en donnera alerte \u00e0 l\u2019Internaute, et ce, compte tenu de la complexit\u00e9 et\/ou du nombre de demandes.<\/p>\n<p>En cas de demande de l\u2019Internaute de suppression de ses Donn\u00e9es Personnelles et\/ou en cas d\u2019exercice de son droit \u00e0 solliciter l\u2019effacement de ses Donn\u00e9es Personnelles, Overeden pourra toutefois les conserver sous forme d\u2019Archivage Interm\u00e9diaire, et ce pour la dur\u00e9e n\u00e9cessaire \u00e0 satisfaire \u00e0 ses obligations l\u00e9gales, ou \u00e0 des fins probatoires pendant le d\u00e9lai de prescription applicable.<\/p>\n<p>L\u2019Internaute peut \u00e9galement porter r\u00e9clamation devant l\u2019autorit\u00e9 de contr\u00f4le comp\u00e9tente (la <a href=\"https:\/\/www.cnil.fr\/professionnel\">CNIL<\/a>).<\/p>\n<p><strong>\u00a0<\/strong><\/p>\n<p>A priori, nous n\u2019identifions pas d\u2019autres finalit\u00e9s relatives \u00e0 la collecte de donn\u00e9es personnelles<\/p>\n<p>Nous n\u2019avons pas identifi\u00e9 la pr\u00e9sence de cookies.<\/p>\n<p>Le cas \u00e9ch\u00e9ant, pour rappel, il conviendra d\u2019ajouter un module de consentement au cookies, conforme aux pr\u00e9conisations de la CNIL<\/p>\n","protected":false},"excerpt":{"rendered":"<p>\u00a0 1.\u00a0\u00a0\u00a0\u00a0 Informations l\u00e9gales La pr\u00e9sente Charte Vie Priv\u00e9e fait partie int\u00e9grante des CGU si bien que les d\u00e9finitions utilis\u00e9es dans ces derni\u00e8res sont r\u00e9utilis\u00e9es dans la pr\u00e9sente Charte Vie Priv\u00e9e. La pr\u00e9sente Charte Vie Priv\u00e9e a pour objet d\u2019informer les Internautes sur la fa\u00e7on dont leurs Donn\u00e9es Personnelles sont collect\u00e9es depuis le Site, comment &hellip; <a href=\"https:\/\/overeden.fr\/index.php\/charte-de-vie-privee-overeden\/\" class=\"more-link\">Continue reading <span class=\"screen-reader-text\">Charte Vie Priv\u00e9e<\/span><\/a><\/p>\n","protected":false},"author":1,"featured_media":0,"parent":0,"menu_order":0,"comment_status":"closed","ping_status":"closed","template":"","meta":{"footnotes":""},"class_list":["post-3","page","type-page","status-publish","hentry"],"_links":{"self":[{"href":"https:\/\/overeden.fr\/index.php\/wp-json\/wp\/v2\/pages\/3","targetHints":{"allow":["GET"]}}],"collection":[{"href":"https:\/\/overeden.fr\/index.php\/wp-json\/wp\/v2\/pages"}],"about":[{"href":"https:\/\/overeden.fr\/index.php\/wp-json\/wp\/v2\/types\/page"}],"author":[{"embeddable":true,"href":"https:\/\/overeden.fr\/index.php\/wp-json\/wp\/v2\/users\/1"}],"replies":[{"embeddable":true,"href":"https:\/\/overeden.fr\/index.php\/wp-json\/wp\/v2\/comments?post=3"}],"version-history":[{"count":8,"href":"https:\/\/overeden.fr\/index.php\/wp-json\/wp\/v2\/pages\/3\/revisions"}],"predecessor-version":[{"id":3013,"href":"https:\/\/overeden.fr\/index.php\/wp-json\/wp\/v2\/pages\/3\/revisions\/3013"}],"wp:attachment":[{"href":"https:\/\/overeden.fr\/index.php\/wp-json\/wp\/v2\/media?parent=3"}],"curies":[{"name":"wp","href":"https:\/\/api.w.org\/{rel}","templated":true}]}}